j. Calculate the highest common factor of g and 30.
15
Let l(j) = 6*j**2 - 108. Let y be l(5). Calculate the greatest common divisor of 35 and y.
7
Suppose 18*b + 18 = 21*b. Let c = 18 - 13. Suppose 38 = c*u + 8. What is the highest common divisor of u and b?
6
Let g(u) = 1683*u**2 - 32*u + 22. Let s be g(1). What is the highest common divisor of 14 and s?
7
Let m(r) be the first derivative of 35*r**2/2 + r - 4. Let q be m(1). Let f = 15 + 9. Calculate the highest common divisor of f and q.
12
Suppose -79 = -5*q + 6. Let r = q - 18. Let k(i) = 103*i**2 + 2*i + 1. Let p be k(r). What is the highest common factor of p and 68?
34
Let c(b) = -b**2 - 11*b - 15. Suppose 14*l - 45 = 9*l. Suppose 0 = l*f + 33 + 21. Let o be c(f). Calculate the greatest common divisor of o and 75.
15
Let i be (6/(-10))/(4 - 38/10). Let l be (2 + i)/((-5)/5) + 2. What is the highest common factor of l and 5?
1
Let d(l) be the third derivative of l**4/24 + 5*l**3/2 + l**2. Suppose 3 = -w - 4. Let c be d(w). What is the highest common factor of c and 72?
8
Let u = -7040 + 7083. Let v = 433 - 261. Calculate the highest common factor of v and u.
43
Let m(j) = 112*j**2 + 13*j - 113*j**2 - 3 + 8 - 2. Let k be m(11). What is the highest common divisor of 20 and k?
5
Suppose -76*n = -103*n + 1071 + 2601. What is the highest common factor of 2108 and n?
68
Let d = -353 - -365. Suppose 0 = d*f - 747 - 573. What is the highest common factor of 10 and f?
10
Let d be 4/(5/(20/8)). Let f = 61 + -57. Suppose 0 = 2*b + b + f*a - 30, 5*b - 39 = -3*a. What is the greatest common factor of b and d?
2
Let b = -1606 - -1633. Suppose -h = -3*h + 72. What is the greatest common divisor of h and b?
9
Let x = 34 + -2. Let n = 56 + x. Suppose 817 + 74 = 81*h. What is the greatest common divisor of h and n?
11
Suppose 2*o - o = -5*r + 4717, 935 = r + 3*o. Calculate the highest common factor of r and 16.
16
Let c be 5*(-140)/(-12) - 118/(-177). Calculate the greatest common factor of c and 2891.
59
Suppose -69*i - 58*i + 166261 = -37447. What is the greatest common divisor of 28 and i?
4
Suppose -p = j - 3334, 90*p = 95*p + 4*j - 16664. What is the greatest common divisor of 208 and p?
208
Let q(d) = d**2 - 35*d + 276. Let b be q(35). Calculate the greatest common factor of b and 1173.
69
Let q be ((-8)/(-3))/(4/90). Let v = -23076 + 23095. Suppose v*r = 14*r + q. What is the greatest common divisor of r and 30?
6
Let t = -7584 + 7602. Let m(g) = 6*g - 6. Let l be m(4). What is the highest common factor of t and l?
18
Let q(v) = 442*v**2 - 6*v + 12. Let k be q(-1). Calculate the highest common factor of k and 2185.
115
Let s(a) = a + 1 - 6*a - 14*a**2 + a**3 + 8*a - 13. Let x be s(14). Suppose 0 = 2*j - 0*j - 60. What is the highest common divisor of x and j?
30
Let h(v) = -v**3 - 7*v**2 - 11*v - 11. Let c be h(-5). Let l be -7 + 580 + (c - -9). What is the highest common factor of l and 36?
36
Suppose -4 = -2*u - 3*x + 9, -4*x = -u + 34. Let f be 0 + (u - (-16)/(-8 + 4)). Calculate the highest common factor of 110 and f.
10
Let n be ((-20)/(-25))/(4/130). Let m be (-2 - (-40)/12)*-39*(-22)/11. What is the greatest common divisor of n and m?
26
Suppose -5*d = 9 + 71. Let p(n) = -n + 5. Let k be p(d). Calculate the greatest common divisor of 231 and k.
21
Let n(j) = -j**3 - 2*j**2 + 37*j + 254. Let b be n(-10). What is the highest common divisor of 60 and b?
12
Let i be ((-4784)/(-24))/((-22)/(-99)). What is the greatest common factor of i and 414?
69
Let v(r) = r**2 + 83*r - 59. Let l be v(-84). Calculate the greatest common divisor of 1600 and l.
25
Let r = 1055 - -51. Let w = -1088 + r. Suppose -4*k + k + 162 = 0. Calculate the greatest common divisor of k and w.
18
Suppose 103 = -m - 3*n, 6*m - 2*n = 3*m - 320. Let d = -104 - m. Let i be (-2)/1 - (-2 + -2). What is the highest common divisor of i and d?
2
Let j(l) = -57*l**2 + 18*l - 29. Let n(h) = 29*h**2 - 9*h + 16. Let g(m) = -3*j(m) - 5*n(m). Let r be g(1). Calculate the highest common factor of r and 384.
24
Let y(k) = -2*k**2 + 24*k - 25. Let r be y(11). Let o = 2804 + -1796. Let f be (1/(-2))/(2*r/o). What is the highest common divisor of 12 and f?
12
Suppose -3*w = c - 148, 0*c + 5*w - 156 = -c. Suppose 2*o = -z - 4*z + 272, o - c = 4*z. Calculate the highest common factor of o and 102.
34
Suppose -2*z + 2 = 0, -3*z - 92 = -l + 73. What is the greatest common divisor of 192 and l?
24
Let k(q) = -q**3 - 22*q**2 - 28*q - 14. Let b be k(-20). Let g = b + 264. Calculate the highest common factor of g and 35.
5
Let c(h) = 22 - 57 + 31 - h + 36. Let g be c(8). Let w be 6/(-4) + 1092/g. Calculate the highest common factor of 4 and w.
4
Suppose -7*k + 9*k = 32. Let f be 3 + (-1 - (-24)/20 - 32/(-40)). What is the greatest common divisor of f and k?
4
Let q be ((-77952)/435)/((-2)/120). Calculate the highest common factor of q and 84.
84
Let h(p) = p**2 - p. Let t be h(5). Let b(s) = 102*s + 10424. Let x be b(-102). Calculate the highest common divisor of x and t.
20
Let y(d) = -3*d + 1. Let u be y(-5). Let f be (-2)/3 - (-17225)/(-195). Let o = -81 - f. What is the highest common factor of u and o?
8
Let n be (-9)/(-27) - ((-6)/9 + -2). Let x be (-6)/(95/(-46) + -1 + n). Suppose -4*g + 73 = -r - x, r - 45 = -g. What is the greatest common factor of 42 and g?
42
Suppose 80 = -5*q + 4*g, q + q = -g - 45. Let j be (q/30)/((-4)/126). Let u = -10 - -73. Calculate the highest common divisor of j and u.
21
Suppose 3*o - y = 924 + 904, 0 = 5*o - y - 3044. Let s = -323 + o. What is the highest common factor of 15 and s?
15
Let r = -12 - -36. Suppose -4*j = c, 3*c - j + 5*j = r. Let d = 94 + -46. What is the greatest common factor of d and c?
12
Let v(h) = 229*h - 842. Let b be v(5). What is the greatest common factor of 404 and b?
101
Let w(i) = i**3 - 13*i**2 + 2*i - 6. Let c be w(13). Suppose -c*x = 2*x - 66. What is the highest common divisor of x and 2?
1
Let c = 14765 - 14763. Calculate the greatest common divisor of 1202 and c.
2
Let v = 81 - 54. Suppose -20 = 4*k + 4*d, k + 0*d = -5*d - 9. Let j be 3 + 0 - (k + -2 + -9). Calculate the highest common factor of v and j.
9
Suppose -215*x - 520680 + 3290095 = 0. Calculate the highest common factor of 11 and x.
11
Let x be -1 - 2 - 3 - (-24 - -18). Suppose x = -j + 6*j - 280. What is the highest common factor of 364 and j?
28
Suppose -4*j - 2*m = 3*m, m = -2*j. Suppose -2*g - 5*o - 3 + 0 = j, 2*g = -o + 9. What is the highest common factor of g and 150?
6
Suppose 0 = 21*w - 15*w - 18. Suppose 3*s = -w*x + 60, -x = 7*s - 9*s + 34. Calculate the highest common factor of 6 and s.
6
Let w(b) = -b**2 + 12*b - 10. Let r be w(9). Let o(y) = 14*y**2 + 282*y + 856. Let t be o(-3). Calculate the highest common divisor of t and r.
17
Let y(u) = 11*u - 117. Let d be y(9). Let v be ((-13)/((-585)/d))/(5/(-400)). Let f be 16*2/(-1 + 5). What is the highest common divisor of v and f?
8
Suppose 2*k + 2*u = 22, -4*u = k - 11 - 15. Let g be (8/k)/(2 - 224/120). Calculate the highest common divisor of 145 and g.
5
Suppose 6*d - 3*d - 5*z - 14 = 0, -5*d + 4*z + 32 = 0. Let v(r) = 8*r + 4. Let w be v(d). Let m = -44 + w. Calculate the highest common divisor of m and 8.
8
Let g be (-1136)/30 + (-4)/30. Let h = 50 + g. Calculate the highest common factor of 408 and h.
12
Let t = 67 + -62. Let m be t - (-5)/((-10)/(-2)). Let u = 10 - 4. What is the highest common factor of m and u?
6
Let r(v) = -2*v**2 - 33*v - 189. Let q(m) = -m**2 - 11*m - 63. Let p(k) = -11*q(k) + 4*r(k). Let x be p(-5). What is the greatest common factor of 1 and x?
1
Let j be 3/9*3 - 948/36*-3. Let k = -56 - -86. Calculate the greatest common divisor of j and k.
10
Let i = 1242 - -4773. What is the highest common divisor of 15 and i?
15
Let t be 15/2 - 1/(-2). Let r be 114/(-4) + 0 - 57/38. Let y = 32 + r. Calculate the greatest common divisor of y and t.
2
Let x(u) = u**2 - 4*u - 16. Let h be x(8). Suppose 50 = b + h. What is the highest common factor of b and 119?
17
Let y(i) = 334*i + 399. Let u be y(-1). Calculate the highest common factor of 125 and u.
5
Suppose 2*m + 661 - 2091 = -2*k, -m = -4*k - 740. Suppose -9*r + m = -6*r + 2*f, -4*f = -r + 226. What is the greatest common factor of r and 14?
14
Let a = 1610 + -56. What is the greatest co